{"id":16,"date":"2017-10-03T22:12:26","date_gmt":"2017-10-03T20:12:26","guid":{"rendered":"http:\/\/www.alecoutedelamusique.com\/wordpress\/?page_id=16"},"modified":"2024-07-01T14:11:47","modified_gmt":"2024-07-01T12:11:47","slug":"tarifs","status":"publish","type":"page","link":"https:\/\/www.alecoutedelamusique.com\/wordpress\/tarifs-2\/tarifs\/","title":{"rendered":"Tarifs jardin musical"},"content":{"rendered":"<ul>\n<li>Certains comit\u00e9s d&rsquo;entreprise peuvent prendre en charge une partie de vos cotisations<\/li>\n<li>C&rsquo;est \u00e9galement le cas de la Caisse d&rsquo;Allocations Familiales<\/li>\n<li>Le paiement peut s&rsquo;effectuer en 1 \u00e0 10 fois sans frais<\/li>\n<li>Forfait annuel 310euros<\/li>\n<\/ul>\n<p><a href=\"http:\/\/www.alecoutedelamusique.com\/wordpress\/wp-content\/uploads\/2017\/10\/INSCRIPTION.pdf\">FICHE D&rsquo;INSCRIPTION<\/a><\/p>\n<p><a href=\"http:\/\/www.alecoutedelamusique.com\/wordpress\/wp-content\/uploads\/2017\/10\/ECOLE_DE_MUSIQUE_A_L_ECOUTE.pdf\">PRESENTATION<\/a><\/p>\n\n\n<p><\/p>\n","protected":false},"excerpt":{"rendered":"<p>Certains comit\u00e9s d&rsquo;entreprise peuvent prendre en charge une partie de vos cotisations C&rsquo;est \u00e9galement le cas de la Caisse d&rsquo;Allocations Familiales Le paiement peut s&rsquo;effectuer en 1 \u00e0 10 fois sans frais Forfait annuel 310euros FICHE D&rsquo;INSCRIPTION PRESENTATION<\/p>\n","protected":false},"author":1,"featured_media":0,"parent":655,"menu_order":0,"comment_status":"closed","ping_status":"closed","template":"","meta":{"_mi_skip_tracking":false},"_links":{"self":[{"href":"https:\/\/www.alecoutedelamusique.com\/wordpress\/wp-json\/wp\/v2\/pages\/16"}],"collection":[{"href":"https:\/\/www.alecoutedelamusique.com\/wordpress\/wp-json\/wp\/v2\/pages"}],"about":[{"href":"https:\/\/www.alecoutedelamusique.com\/wordpress\/wp-json\/wp\/v2\/types\/page"}],"author":[{"embeddable":true,"href":"https:\/\/www.alecoutedelamusique.com\/wordpress\/wp-json\/wp\/v2\/users\/1"}],"replies":[{"embeddable":true,"href":"https:\/\/www.alecoutedelamusique.com\/wordpress\/wp-json\/wp\/v2\/comments?post=16"}],"version-history":[{"count":12,"href":"https:\/\/www.alecoutedelamusique.com\/wordpress\/wp-json\/wp\/v2\/pages\/16\/revisions"}],"predecessor-version":[{"id":707,"href":"https:\/\/www.alecoutedelamusique.com\/wordpress\/wp-json\/wp\/v2\/pages\/16\/revisions\/707"}],"up":[{"embeddable":true,"href":"https:\/\/www.alecoutedelamusique.com\/wordpress\/wp-json\/wp\/v2\/pages\/655"}],"wp:attachment":[{"href":"https:\/\/www.alecoutedelamusique.com\/wordpress\/wp-json\/wp\/v2\/media?parent=16"}],"curies":[{"name":"wp","href":"https:\/\/api.w.org\/{rel}","templated":true}]}}