{"id":92,"date":"2017-10-04T11:15:04","date_gmt":"2017-10-04T09:15:04","guid":{"rendered":"http:\/\/www.alecoutedelamusique.com\/wordpress\/?page_id=92"},"modified":"2018-11-08T09:07:09","modified_gmt":"2018-11-08T08:07:09","slug":"enseignement-de-la-guitare","status":"publish","type":"page","link":"http:\/\/www.alecoutedelamusique.com\/wordpress\/accueil\/enseignements\/enseignement-de-la-guitare\/","title":{"rendered":"Enseignement de la guitare"},"content":{"rendered":"<h2><img decoding=\"async\" loading=\"lazy\" class=\"alignnone size-full wp-image-308\" src=\"http:\/\/www.alecoutedelamusique.com\/wordpress\/wp-content\/uploads\/2018\/02\/guit1.png\" alt=\"\" width=\"40\" height=\"40\" \/>\u00a0<span style=\"color: #99ccff;\"><strong>Enseignement de la guitare<\/strong><\/span><\/h2>\n<p>Les cours sont dispens\u00e9s par\u00a0des professeurs exp\u00e9riment\u00e9s<\/p>\n<ul>\n<li>Concert en cours d&rsquo;ann\u00e9e salle Jacques Brel<\/li>\n<li>Type de Guitare\n<ul>\n<li>Classique<\/li>\n<li>Folk<\/li>\n<li>Electrique<\/li>\n<li>Basse<\/li>\n<\/ul>\n<\/li>\n<li>Tous niveaux et tous styles.<\/li>\n<\/ul>\n<p>Apprendre la guitare sans solf\u00e8ge est possible, il existe les tablatures, cependant les notions de solf\u00e8ge rythmique seront une aide pr\u00e9cieuse pour progresser plus rapidement.<\/p>\n<p>Notre philosophie est de toujours aborder le solf\u00e8ge dans la pratique de l&rsquo;instrument.<\/p>\n<p>Apprentissage rythmique et solide \u00e0 travers des sch\u00e9mas rythmiques, des gammes et de l&rsquo;improvisation.<\/p>\n<p>Travaillez sur partitions, tablatures, et grilles d&rsquo;accords, ainsi que sur des supports audio et de mani\u00e8re ludique.<\/p>\n<table>\n<tbody>\n<tr>\n<td><img decoding=\"async\" loading=\"lazy\" class=\"alignnone size-medium wp-image-178\" src=\"http:\/\/www.alecoutedelamusique.com\/wordpress\/wp-content\/uploads\/2017\/10\/IMG_057511-225x300.jpg\" alt=\"\" width=\"225\" height=\"300\" srcset=\"http:\/\/www.alecoutedelamusique.com\/wordpress\/wp-content\/uploads\/2017\/10\/IMG_057511-225x300.jpg 225w, http:\/\/www.alecoutedelamusique.com\/wordpress\/wp-content\/uploads\/2017\/10\/IMG_057511-768x1024.jpg 768w, http:\/\/www.alecoutedelamusique.com\/wordpress\/wp-content\/uploads\/2017\/10\/IMG_057511.jpg 1200w\" sizes=\"(max-width: 225px) 100vw, 225px\" \/><\/td>\n<td><img decoding=\"async\" loading=\"lazy\" class=\"alignnone size-medium wp-image-176\" src=\"http:\/\/www.alecoutedelamusique.com\/wordpress\/wp-content\/uploads\/2017\/10\/IMG_057111-225x300.jpg\" alt=\"\" width=\"225\" height=\"300\" srcset=\"http:\/\/www.alecoutedelamusique.com\/wordpress\/wp-content\/uploads\/2017\/10\/IMG_057111-225x300.jpg 225w, http:\/\/www.alecoutedelamusique.com\/wordpress\/wp-content\/uploads\/2017\/10\/IMG_057111-768x1024.jpg 768w, http:\/\/www.alecoutedelamusique.com\/wordpress\/wp-content\/uploads\/2017\/10\/IMG_057111.jpg 1200w\" sizes=\"(max-width: 225px) 100vw, 225px\" \/><\/td>\n<\/tr>\n<\/tbody>\n<\/table>\n<p>&nbsp;<\/p>\n","protected":false},"excerpt":{"rendered":"<p>\u00a0Enseignement de la guitare Les cours sont dispens\u00e9s par\u00a0des professeurs exp\u00e9riment\u00e9s Concert en cours d&rsquo;ann\u00e9e salle Jacques Brel Type de Guitare Classique Folk Electrique Basse Tous niveaux et tous styles. Apprendre la guitare sans solf\u00e8ge est possible, il existe les tablatures, cependant les notions de solf\u00e8ge rythmique seront une aide pr\u00e9cieuse pour progresser plus rapidement. &hellip; <\/p>\n<p class=\"link-more\"><a href=\"http:\/\/www.alecoutedelamusique.com\/wordpress\/accueil\/enseignements\/enseignement-de-la-guitare\/\" class=\"more-link\">Continuer la lecture<span class=\"screen-reader-text\"> de &laquo;&nbsp;Enseignement de la guitare&nbsp;&raquo;<\/span><\/a><\/p>\n","protected":false},"author":1,"featured_media":329,"parent":15,"menu_order":0,"comment_status":"closed","ping_status":"closed","template":"","meta":{"_mi_skip_tracking":false},"_links":{"self":[{"href":"http:\/\/www.alecoutedelamusique.com\/wordpress\/wp-json\/wp\/v2\/pages\/92"}],"collection":[{"href":"http:\/\/www.alecoutedelamusique.com\/wordpress\/wp-json\/wp\/v2\/pages"}],"about":[{"href":"http:\/\/www.alecoutedelamusique.com\/wordpress\/wp-json\/wp\/v2\/types\/page"}],"author":[{"embeddable":true,"href":"http:\/\/www.alecoutedelamusique.com\/wordpress\/wp-json\/wp\/v2\/users\/1"}],"replies":[{"embeddable":true,"href":"http:\/\/www.alecoutedelamusique.com\/wordpress\/wp-json\/wp\/v2\/comments?post=92"}],"version-history":[{"count":14,"href":"http:\/\/www.alecoutedelamusique.com\/wordpress\/wp-json\/wp\/v2\/pages\/92\/revisions"}],"predecessor-version":[{"id":829,"href":"http:\/\/www.alecoutedelamusique.com\/wordpress\/wp-json\/wp\/v2\/pages\/92\/revisions\/829"}],"up":[{"embeddable":true,"href":"http:\/\/www.alecoutedelamusique.com\/wordpress\/wp-json\/wp\/v2\/pages\/15"}],"wp:featuredmedia":[{"embeddable":true,"href":"http:\/\/www.alecoutedelamusique.com\/wordpress\/wp-json\/wp\/v2\/media\/329"}],"wp:attachment":[{"href":"http:\/\/www.alecoutedelamusique.com\/wordpress\/wp-json\/wp\/v2\/media?parent=92"}],"curies":[{"name":"wp","href":"https:\/\/api.w.org\/{rel}","templated":true}]}}