{"id":83,"date":"2017-10-04T11:03:26","date_gmt":"2017-10-04T09:03:26","guid":{"rendered":"http:\/\/www.alecoutedelamusique.com\/wordpress\/?page_id=83"},"modified":"2026-02-24T19:12:11","modified_gmt":"2026-02-24T18:12:11","slug":"enseignement-du-piano-clavier-initiation","status":"publish","type":"page","link":"http:\/\/www.alecoutedelamusique.com\/wordpress\/accueil\/enseignements\/enseignement-du-piano-clavier-initiation\/","title":{"rendered":"Enseignement du piano \/ clavier \/ initiation"},"content":{"rendered":"<ul>\n<li><img decoding=\"async\" loading=\"lazy\" class=\"alignnone size-full wp-image-306\" src=\"http:\/\/www.alecoutedelamusique.com\/wordpress\/wp-content\/uploads\/2018\/02\/piano21.png\" alt=\"\" width=\"39\" height=\"40\" \/>\u00a0<span style=\"color: #99ccff;\"><strong>Enseignement du piano (classique, jazz, musique actuelle, \u2026)<\/strong><\/span><\/li>\n<li>Cours individuels<\/li>\n<li>Initiation au piano pour les enfants de\u00a04 \u00e0 6 ans avec 2 \u00e9l\u00e8ves maximum simultan\u00e9ment.<\/li>\n<li>Cours tous \u00e2ges, tous niveaux, tous styles (classique, vari\u00e9t\u00e9, jazz, blues&#8230;)<\/li>\n<li>Vous avez envie d&rsquo;apprendre \u00e0 votre rythme. Jouer avec plaisir vos airs pr\u00e9f\u00e9r\u00e9s.<\/li>\n<\/ul>\n<p>A\u00a0<span style=\"font-size: 1rem;\">partir du niveau d\u00e9butant, vous aborderez la musique autrement par une p\u00e9dagogie qui vous permettra d&rsquo;acc\u00e9der tr\u00e8s vite aux joies de la pratique du piano, <\/span><span style=\"font-size: 1rem;\">dans le respect constant de la qualit\u00e9 musicale et de la sensibilit\u00e9 de chacun.<\/span><\/p>\n<p>Vous commencerez tout de suite la pratique du piano et vous \u00e9prouverez imm\u00e9diatement le plaisir de jouer.<\/p>\n<p>Un enseignement sp\u00e9cifique et personnalis\u00e9 pour mettre le piano \u00e0 la port\u00e9e de tous.<\/p>\n<p>Notre philosophie est de toujours aborder le solf\u00e8ge dans la pratique de l&rsquo;instrument.<\/p>\n<table>\n<tbody>\n<tr>\n<td><img decoding=\"async\" class=\"alignnone wp-image-60 size-large\" src=\"http:\/\/www.alecoutedelamusique.com\/wordpress\/wp-content\/uploads\/2017\/10\/IMG_20171003_125014-577x1024.jpg\" alt=\"\" width=\"325\" srcset=\"http:\/\/www.alecoutedelamusique.com\/wordpress\/wp-content\/uploads\/2017\/10\/IMG_20171003_125014-577x1024.jpg 577w, http:\/\/www.alecoutedelamusique.com\/wordpress\/wp-content\/uploads\/2017\/10\/IMG_20171003_125014-169x300.jpg 169w, http:\/\/www.alecoutedelamusique.com\/wordpress\/wp-content\/uploads\/2017\/10\/IMG_20171003_125014-768x1362.jpg 768w, http:\/\/www.alecoutedelamusique.com\/wordpress\/wp-content\/uploads\/2017\/10\/IMG_20171003_125014.jpg 1840w\" sizes=\"(max-width: 577px) 100vw, 577px\" \/><\/td>\n<td style=\"padding-left: 30px;\"><img decoding=\"async\" class=\"alignnone wp-image-49 size-large\" src=\"http:\/\/www.alecoutedelamusique.com\/wordpress\/wp-content\/uploads\/2017\/10\/IMG_20171003_125112-577x1024.jpg\" alt=\"\" width=\"325\" srcset=\"http:\/\/www.alecoutedelamusique.com\/wordpress\/wp-content\/uploads\/2017\/10\/IMG_20171003_125112-577x1024.jpg 577w, http:\/\/www.alecoutedelamusique.com\/wordpress\/wp-content\/uploads\/2017\/10\/IMG_20171003_125112-169x300.jpg 169w, http:\/\/www.alecoutedelamusique.com\/wordpress\/wp-content\/uploads\/2017\/10\/IMG_20171003_125112-768x1362.jpg 768w, http:\/\/www.alecoutedelamusique.com\/wordpress\/wp-content\/uploads\/2017\/10\/IMG_20171003_125112.jpg 1840w\" sizes=\"(max-width: 577px) 100vw, 577px\" \/><\/td>\n<\/tr>\n<\/tbody>\n<\/table>\n","protected":false},"excerpt":{"rendered":"<p>\u00a0Enseignement du piano (classique, jazz, musique actuelle, \u2026) Cours individuels Initiation au piano pour les enfants de\u00a04 \u00e0 6 ans avec 2 \u00e9l\u00e8ves maximum simultan\u00e9ment. Cours tous \u00e2ges, tous niveaux, tous styles (classique, vari\u00e9t\u00e9, jazz, blues&#8230;) Vous avez envie d&rsquo;apprendre \u00e0 votre rythme. Jouer avec plaisir vos airs pr\u00e9f\u00e9r\u00e9s. A\u00a0partir du niveau d\u00e9butant, vous aborderez &hellip; <\/p>\n<p class=\"link-more\"><a href=\"http:\/\/www.alecoutedelamusique.com\/wordpress\/accueil\/enseignements\/enseignement-du-piano-clavier-initiation\/\" class=\"more-link\">Continuer la lecture<span class=\"screen-reader-text\"> de &laquo;&nbsp;Enseignement du piano \/ clavier \/ initiation&nbsp;&raquo;<\/span><\/a><\/p>\n","protected":false},"author":1,"featured_media":330,"parent":15,"menu_order":0,"comment_status":"closed","ping_status":"closed","template":"","meta":{"_mi_skip_tracking":false},"_links":{"self":[{"href":"http:\/\/www.alecoutedelamusique.com\/wordpress\/wp-json\/wp\/v2\/pages\/83"}],"collection":[{"href":"http:\/\/www.alecoutedelamusique.com\/wordpress\/wp-json\/wp\/v2\/pages"}],"about":[{"href":"http:\/\/www.alecoutedelamusique.com\/wordpress\/wp-json\/wp\/v2\/types\/page"}],"author":[{"embeddable":true,"href":"http:\/\/www.alecoutedelamusique.com\/wordpress\/wp-json\/wp\/v2\/users\/1"}],"replies":[{"embeddable":true,"href":"http:\/\/www.alecoutedelamusique.com\/wordpress\/wp-json\/wp\/v2\/comments?post=83"}],"version-history":[{"count":13,"href":"http:\/\/www.alecoutedelamusique.com\/wordpress\/wp-json\/wp\/v2\/pages\/83\/revisions"}],"predecessor-version":[{"id":865,"href":"http:\/\/www.alecoutedelamusique.com\/wordpress\/wp-json\/wp\/v2\/pages\/83\/revisions\/865"}],"up":[{"embeddable":true,"href":"http:\/\/www.alecoutedelamusique.com\/wordpress\/wp-json\/wp\/v2\/pages\/15"}],"wp:featuredmedia":[{"embeddable":true,"href":"http:\/\/www.alecoutedelamusique.com\/wordpress\/wp-json\/wp\/v2\/media\/330"}],"wp:attachment":[{"href":"http:\/\/www.alecoutedelamusique.com\/wordpress\/wp-json\/wp\/v2\/media?parent=83"}],"curies":[{"name":"wp","href":"https:\/\/api.w.org\/{rel}","templated":true}]}}