{"id":80,"date":"2017-10-04T10:59:59","date_gmt":"2017-10-04T08:59:59","guid":{"rendered":"http:\/\/www.alecoutedelamusique.com\/wordpress\/?page_id=80"},"modified":"2026-02-05T10:03:00","modified_gmt":"2026-02-05T09:03:00","slug":"enseignement-de-la-batterie","status":"publish","type":"page","link":"http:\/\/www.alecoutedelamusique.com\/wordpress\/accueil\/enseignements\/enseignement-de-la-batterie\/","title":{"rendered":"Enseignement de la batterie"},"content":{"rendered":"<h2><img decoding=\"async\" loading=\"lazy\" class=\"alignnone size-full wp-image-310\" src=\"http:\/\/www.alecoutedelamusique.com\/wordpress\/wp-content\/uploads\/2018\/02\/drum21.png\" alt=\"\" width=\"40\" height=\"40\" \/><span style=\"color: #99ccff;\"><strong>Enseignement de la batterie<\/strong><\/span><\/h2>\n<ul>\n<li>Ecole de batterie Dante Agostini<\/li>\n<li>Professeur \u00a0: R\u00e9my Boulogne<\/li>\n<li>Site web de l&rsquo;\u00e9cole de batterie : <a href=\"http:\/\/agostini-stquentinenyvelines.com\/\">cliquez ici<\/a><\/li>\n<\/ul>\n<p><img decoding=\"async\" loading=\"lazy\" class=\"wp-image-61 alignright\" src=\"http:\/\/www.alecoutedelamusique.com\/wordpress\/wp-content\/uploads\/2017\/10\/cropped-IMG_20171003_124101.jpg\" alt=\"\" width=\"803\" height=\"482\" srcset=\"http:\/\/www.alecoutedelamusique.com\/wordpress\/wp-content\/uploads\/2017\/10\/cropped-IMG_20171003_124101.jpg 2000w, http:\/\/www.alecoutedelamusique.com\/wordpress\/wp-content\/uploads\/2017\/10\/cropped-IMG_20171003_124101-300x180.jpg 300w, http:\/\/www.alecoutedelamusique.com\/wordpress\/wp-content\/uploads\/2017\/10\/cropped-IMG_20171003_124101-768x460.jpg 768w, http:\/\/www.alecoutedelamusique.com\/wordpress\/wp-content\/uploads\/2017\/10\/cropped-IMG_20171003_124101-1024x614.jpg 1024w\" sizes=\"(max-width: 767px) 89vw, (max-width: 1000px) 54vw, (max-width: 1071px) 543px, 580px\" \/><\/p>\n<ul>\n<li>Enseignement de la BATTERIE\u00a0 \u00e0 partir de 4 ans<\/li>\n<li>l&rsquo;apprentissage avec un professeur dipl\u00f4m\u00e9 et exp\u00e9riment\u00e9, avec une connaissance parfaite de l&rsquo;ensemble de la m\u00e9thode AGOSTINI<\/li>\n<li>Coordination<\/li>\n<li>Technique<\/li>\n<li>Etude de styles<\/li>\n<li>Ind\u00e9pendance<\/li>\n<li>Solos<\/li>\n<li>Solf\u00e8ge rythmique<\/li>\n<li>Etude de styles<\/li>\n<\/ul>\n<ul>\n<li>Tous styles et tous niveaux : m\u00e9thode progressive AGOSTINI ( de renomm\u00e9e internationale)<\/li>\n<li>Travail avec bandes play back et ateliers avec des musiciens<\/li>\n<li>Concert en d\u00e9but d&rsquo;ann\u00e9e civile<\/li>\n<li>L&rsquo;instrument est pratiqu\u00e9 d\u00e9s le premier cours \u00e0 partir de 4 ans ,aucune limite d&rsquo;\u00e2ge, pour d\u00e9buter o\u00f9 se perfectionner.<\/li>\n<\/ul>\n<p>Formules : Loisirs &#8211; Semi Pro\u00a0 &#8211; Pro<\/p>\n<p><img decoding=\"async\" loading=\"lazy\" class=\"alignnone size-medium wp-image-190\" src=\"http:\/\/www.alecoutedelamusique.com\/wordpress\/wp-content\/uploads\/2017\/10\/cropped-cropped-IMG_20171003_124535-1-300x180.jpg\" alt=\"\" width=\"300\" height=\"180\" srcset=\"http:\/\/www.alecoutedelamusique.com\/wordpress\/wp-content\/uploads\/2017\/10\/cropped-cropped-IMG_20171003_124535-1-300x180.jpg 300w, http:\/\/www.alecoutedelamusique.com\/wordpress\/wp-content\/uploads\/2017\/10\/cropped-cropped-IMG_20171003_124535-1-768x461.jpg 768w, http:\/\/www.alecoutedelamusique.com\/wordpress\/wp-content\/uploads\/2017\/10\/cropped-cropped-IMG_20171003_124535-1-1024x614.jpg 1024w, http:\/\/www.alecoutedelamusique.com\/wordpress\/wp-content\/uploads\/2017\/10\/cropped-cropped-IMG_20171003_124535-1.jpg 2000w\" sizes=\"(max-width: 300px) 100vw, 300px\" \/><\/p>\n","protected":false},"excerpt":{"rendered":"<p>Enseignement de la batterie Ecole de batterie Dante Agostini Professeur \u00a0: R\u00e9my Boulogne Site web de l&rsquo;\u00e9cole de batterie : cliquez ici Enseignement de la BATTERIE\u00a0 \u00e0 partir de 4 ans l&rsquo;apprentissage avec un professeur dipl\u00f4m\u00e9 et exp\u00e9riment\u00e9, avec une connaissance parfaite de l&rsquo;ensemble de la m\u00e9thode AGOSTINI Coordination Technique Etude de styles Ind\u00e9pendance Solos &hellip; <\/p>\n<p class=\"link-more\"><a href=\"http:\/\/www.alecoutedelamusique.com\/wordpress\/accueil\/enseignements\/enseignement-de-la-batterie\/\" class=\"more-link\">Continuer la lecture<span class=\"screen-reader-text\"> de &laquo;&nbsp;Enseignement de la batterie&nbsp;&raquo;<\/span><\/a><\/p>\n","protected":false},"author":1,"featured_media":331,"parent":15,"menu_order":0,"comment_status":"closed","ping_status":"closed","template":"","meta":{"_mi_skip_tracking":false},"_links":{"self":[{"href":"http:\/\/www.alecoutedelamusique.com\/wordpress\/wp-json\/wp\/v2\/pages\/80"}],"collection":[{"href":"http:\/\/www.alecoutedelamusique.com\/wordpress\/wp-json\/wp\/v2\/pages"}],"about":[{"href":"http:\/\/www.alecoutedelamusique.com\/wordpress\/wp-json\/wp\/v2\/types\/page"}],"author":[{"embeddable":true,"href":"http:\/\/www.alecoutedelamusique.com\/wordpress\/wp-json\/wp\/v2\/users\/1"}],"replies":[{"embeddable":true,"href":"http:\/\/www.alecoutedelamusique.com\/wordpress\/wp-json\/wp\/v2\/comments?post=80"}],"version-history":[{"count":14,"href":"http:\/\/www.alecoutedelamusique.com\/wordpress\/wp-json\/wp\/v2\/pages\/80\/revisions"}],"predecessor-version":[{"id":761,"href":"http:\/\/www.alecoutedelamusique.com\/wordpress\/wp-json\/wp\/v2\/pages\/80\/revisions\/761"}],"up":[{"embeddable":true,"href":"http:\/\/www.alecoutedelamusique.com\/wordpress\/wp-json\/wp\/v2\/pages\/15"}],"wp:featuredmedia":[{"embeddable":true,"href":"http:\/\/www.alecoutedelamusique.com\/wordpress\/wp-json\/wp\/v2\/media\/331"}],"wp:attachment":[{"href":"http:\/\/www.alecoutedelamusique.com\/wordpress\/wp-json\/wp\/v2\/media?parent=80"}],"curies":[{"name":"wp","href":"https:\/\/api.w.org\/{rel}","templated":true}]}}