{"id":145,"date":"2017-10-10T13:19:22","date_gmt":"2017-10-10T11:19:22","guid":{"rendered":"http:\/\/www.alecoutedelamusique.com\/wordpress\/?page_id=145"},"modified":"2025-06-06T08:55:53","modified_gmt":"2025-06-06T06:55:53","slug":"tarifs-batterie","status":"publish","type":"page","link":"http:\/\/www.alecoutedelamusique.com\/wordpress\/tarifs-2\/tarifs-batterie\/","title":{"rendered":"Tarifs Batterie"},"content":{"rendered":"<h2><span style=\"color: #99ccff;\"><strong>Cours de batterie<\/strong><\/span><\/h2>\n<p style=\"padding-left: 30px;\"><strong>Site web de l&rsquo;\u00e9cole de batterie Agostini : <a href=\"http:\/\/agostini-stquentinenyvelines.com\/\">CLIQUER ICI<\/a><\/strong><\/p>\n<p><strong>Inscription 60\u20ac<\/strong> : Remplir la fiche d&rsquo;inscription \u00e0 imprimer <a href=\"http:\/\/www.alecoutedelamusique.com\/wordpress\/wp-content\/uploads\/2017\/10\/INSCRIPTION.pdf\">CLIQUER ICI<\/a><\/p>\n<p>\u00a0<\/p>\n<p>Cours collectifs de vingt minutes par semaine (4 \u00e9l\u00e8ves maximum)<br \/><b>490 euros<\/b>\u00a0\u00e0 l&rsquo;ann\u00e9e.<\/p>\n<p>Cours collectifs d&rsquo;une demi-heure par semaine (4 \u00e9l\u00e8ves maximum)<br \/><b>570 euros<\/b>\u00a0\u00e0 l&rsquo;ann\u00e9e.<\/p>\n<p>Cours collectifs de quarante cinq minutes ( 4 \u00e9l\u00e8ves maximum )<\/p>\n<p><strong>680 euros<\/strong> \u00e0 l&rsquo;ann\u00e9e<\/p>\n<p>Cours collectifs d&rsquo;une heure par semaine (4 \u00e9l\u00e8ves maximum)<br \/><b>800 euros<\/b>\u00a0\u00e0 l&rsquo;ann\u00e9e.<\/p>\n<p>Cours collectifs d&rsquo;une heure et demie par semaine (4 \u00e9l\u00e8ves maximum)<br \/><strong>\u00a0950<\/strong><b> euros<\/b>\u00a0\u00e0 l&rsquo;ann\u00e9e.<\/p>\n<p>Cours individuel 30Mn<\/p>\n<p><strong>940<\/strong> euros \u00e0 l&rsquo;ann\u00e9e<\/p>\n<p><strong>1170<\/strong> euros \u00e0 l&rsquo;ann\u00e9e<\/p>\n<p><em>Le forfait annuel est acquittable\u00a0de 1 \u00e0\u00a010 fois.<\/em><\/p>\n<p><em>Le versement des 10 mensualit\u00e9s doit \u00eatre effectu\u00e9 le jour de l&rsquo;inscription.<\/em><\/p>\n\n\n<p><\/p>\n","protected":false},"excerpt":{"rendered":"<p>Cours de batterie Site web de l&rsquo;\u00e9cole de batterie Agostini : CLIQUER ICI Inscription 60\u20ac : Remplir la fiche d&rsquo;inscription \u00e0 imprimer CLIQUER ICI \u00a0 Cours collectifs de vingt minutes par semaine (4 \u00e9l\u00e8ves maximum)490 euros\u00a0\u00e0 l&rsquo;ann\u00e9e. Cours collectifs d&rsquo;une demi-heure par semaine (4 \u00e9l\u00e8ves maximum)570 euros\u00a0\u00e0 l&rsquo;ann\u00e9e. Cours collectifs de quarante cinq minutes ( &hellip; <\/p>\n<p class=\"link-more\"><a href=\"http:\/\/www.alecoutedelamusique.com\/wordpress\/tarifs-2\/tarifs-batterie\/\" class=\"more-link\">Continuer la lecture<span class=\"screen-reader-text\"> de &laquo;&nbsp;Tarifs Batterie&nbsp;&raquo;<\/span><\/a><\/p>\n","protected":false},"author":1,"featured_media":0,"parent":655,"menu_order":0,"comment_status":"closed","ping_status":"closed","template":"","meta":{"_mi_skip_tracking":false},"_links":{"self":[{"href":"http:\/\/www.alecoutedelamusique.com\/wordpress\/wp-json\/wp\/v2\/pages\/145"}],"collection":[{"href":"http:\/\/www.alecoutedelamusique.com\/wordpress\/wp-json\/wp\/v2\/pages"}],"about":[{"href":"http:\/\/www.alecoutedelamusique.com\/wordpress\/wp-json\/wp\/v2\/types\/page"}],"author":[{"embeddable":true,"href":"http:\/\/www.alecoutedelamusique.com\/wordpress\/wp-json\/wp\/v2\/users\/1"}],"replies":[{"embeddable":true,"href":"http:\/\/www.alecoutedelamusique.com\/wordpress\/wp-json\/wp\/v2\/comments?post=145"}],"version-history":[{"count":15,"href":"http:\/\/www.alecoutedelamusique.com\/wordpress\/wp-json\/wp\/v2\/pages\/145\/revisions"}],"predecessor-version":[{"id":724,"href":"http:\/\/www.alecoutedelamusique.com\/wordpress\/wp-json\/wp\/v2\/pages\/145\/revisions\/724"}],"up":[{"embeddable":true,"href":"http:\/\/www.alecoutedelamusique.com\/wordpress\/wp-json\/wp\/v2\/pages\/655"}],"wp:attachment":[{"href":"http:\/\/www.alecoutedelamusique.com\/wordpress\/wp-json\/wp\/v2\/media?parent=145"}],"curies":[{"name":"wp","href":"https:\/\/api.w.org\/{rel}","templated":true}]}}